 + 65 = 9*j. Calculate the greatest common divisor of 35 and j.
5
Suppose 3*d + d - 672 = 0. Let o(v) = 5*v**2 - 2*v + 4. Let w be o(5). Let g = d - w. What is the greatest common divisor of 7 and g?
7
Let u = -79 - -109. Calculate the greatest common factor of u and 20.
10
Let b(i) = i**2 - 6*i. Let r be b(7). Let n(l) = -l**3 - 2*l**2 + 2*l - 2. Let w be n(-5). What is the highest common divisor of r and w?
7
Suppose 3*t - 42 = 3*z, -11 = -t - z - 1. Suppose 0 = -4*u + 8*u - 528. What is the highest common divisor of t and u?
12
Let g(j) = j**3 - 3*j**2 - j - 6. Let n be g(6). Suppose 4*x = 2*x + y + 27, -42 = -3*x + 2*y. What is the greatest common divisor of n and x?
12
Let a(l) = l**3 + 7*l**2 - 4. Suppose 4*j + 0 = 8. Let b be (j/4)/((-3)/18). Let d be a(b). Calculate the highest common divisor of d and 4.
4
Let f(m) = -m**2 + 9*m - 3. Let g be f(6). What is the greatest common divisor of 15 and g?
15
Let g be 5*((-28)/(-6))/((-4)/(-18)). Calculate the greatest common factor of g and 21.
21
Let g(i) = i**3 + 7*i**2 - 4*i - 16. Let t be g(-7). Calculate the greatest common divisor of t and 8.
4
Let a be ((-4)/3)/(2/(-30)). What is the greatest common factor of 30 and a?
10
Let j = -2 - 4. Let n(m) = 4*m + 2*m - 7*m. Let s be n(j). What is the highest common factor of s and 12?
6
Let d be (-3 - 0)*(-80)/12. Let p = 22 + 8. Calculate the greatest common divisor of p and d.
10
Let x(i) = -1 + 5 + 0*i**2 - 4*i - i**2. Let c be x(-3). Calculate the greatest common divisor of 49 and c.
7
Let d be (21 + -2)/(1/22). Calculate the greatest common divisor of 38 and d.
38
Let u = 46 + -40. Calculate the highest common divisor of u and 60.
6
Let o(c) = -c**3 - c**2 + c + 12. Let f be o(0). Suppose v = f + 4. Calculate the highest common factor of v and 2.
2
Suppose 2*j - j = -5*h + 321, -2*j = 5*h - 317. What is the highest common divisor of h and 13?
13
Suppose 11 = 2*s - 5. Let i(t) = 3 - 4*t**2 - s*t - 3*t**2 + 2*t**2 + 4*t**2. Let v be i(-7). Calculate the greatest common factor of v and 10.
10
Let c(w) be the first derivative of -w**4/4 + 8*w**3/3 + 5*w**2 - 3*w - 1. Let a be c(9). Let o be (-2)/6 + 14/a. What is the highest common divisor of 5 and o?
1
Suppose 4*s = -4*f + f + 55, -3*f + 2*s + 67 = 0. Calculate the highest common divisor of 3 and f.
3
Let z(p) = 29*p**2 - 2*p - 1. Let f be z(-1). Calculate the highest common factor of f and 36.
6
Let w(b) = -b + 5. Let q be w(6). Let a(t) = -3*t**3 + t**2 + t. Let x be a(q). Calculate the greatest common factor of x and 12.
3
Suppose 5 = 49*x - 44*x. Calculate the highest common factor of x and 2.
1
Let k(p) = 2*p - 17. Let d be k(12). Calculate the greatest common divisor of 21 and d.
7
Let z(t) = 4*t**2 + 1. Let u be z(-1). Suppose -5*r + 4*v = -544, -2*r + u*v - 103 = -3*r. Calculate the highest common divisor of r and 12.
12
Suppose -4*y = -f + 2*f - 11, -4*y = 4. Suppose 0 = -2*h + f + 9. Calculate the greatest common divisor of h and 132.
12
Let x be (2 + -1)*(6 + 0). Let j be x*(8/3 - 2). Suppose -2*w = 2*l, -j*l + w + 18 = -w. What is the highest common divisor of l and 6?
3
Suppose w - 1 = 0, 4*x = 2*x + 2*w + 38. Suppose 4*u = -4*a + 180, -2*u = 13 - 3. Suppose -2*z + a = 3*z. What is the highest common divisor of z and x?
10
Let z be 749/(-35) + (-4)/(-10). Let l be (z/(-2))/(1/2). What is the greatest common factor of l and 84?
21
Let v(f) = f**2 - f - 5. Let k be v(4). Let l = 8 - k. Calculate the highest common divisor of 2 and l.
1
Let l = -4 - 1. Let m be (-2)/l - 36/(-10). Suppose -3*u = -m*u + 16. Calculate the highest common factor of u and 4.
4
Suppose 4*q - 2*q - 32 = 0. Let d(z) = 11*z + 2. Let j be d(2). What is the highest common divisor of q and j?
8
Let v(m) = 3*m + 7. Let x be v(12). What is the greatest common divisor of 215 and x?
43
Let g = 4 - -14. Suppose 6*n - g = 3*n. What is the greatest common factor of 12 and n?
6
Let u = -4 - -8. Suppose 3*p = u*p - 36. Calculate the greatest common divisor of p and 24.
12
Let z be (-2 - (-12)/8)*-66. Calculate the highest common divisor of z and 264.
33
Suppose 2*j - 62 = -k + 2*k, -j - 2*k = -31. Suppose -3*h + 113 = -j. What is the greatest common factor of h and 16?
16
Suppose -3*u = -0*u - 9. Suppose -z + u*z - 30 = 0. Calculate the highest common divisor of z and 6.
3
Suppose -13 = 4*s - 61. Let o be (2/4)/(2/s). Suppose -2*l - o*l = -70. What is the highest common divisor of 2 and l?
2
Let k = -16 + 31. Suppose -2 = -3*l + 4. Suppose 24 = 2*h - l*a, -h - 3*h - 3*a = -69. What is the greatest common divisor of k and h?
15
Let m(h) = 3 - 11 + 5 + h. Let g be m(6). Let l be (1 - 4) + g + 11. Calculate the highest common factor of l and 44.
11
Let g(v) = v**3 - 5*v**2 - 12*v - 7. Let d be g(9). Let t = -149 + d. What is the greatest common factor of t and 15?
15
Let v be 2/(30/(-9))*5. Let d = v + 19. Suppose 5*n + 4*r = 66, -n + r = -r - d. Calculate the highest common divisor of 70 and n.
14
Let r = 11 + -19. Let y = r - -9. What is the greatest common divisor of 3 and y?
1
Suppose 5*k = k - 60. Let n = 16 + k. Calculate the highest common factor of 5 and n.
1
Suppose -18 = -c - o, 4*c = 2*c + 3*o + 46. Suppose -r + 2 = k - 2*k, 5*k - c = -5*r. Let f be 26*(2 + k/2). What is the highest common factor of f and 26?
13
Let i be 1 - -42 - (-2 + 0). Let y(z) = -z**2 - 8*z + 2. Let d = -9 + 2. Let k be y(d). Calculate the greatest common divisor of k and i.
9
Let c(l) be the first derivative of -l**3/3 + l**2/2 + 56*l + 1. Let u be c(0). What is the highest common divisor of u and 14?
14
Let w be 0/(-1) + -3 + 3. Let l be w - (1 + 3)*-1. Suppose 0 = -l*k + 10 + 2. What is the greatest common factor of 9 and k?
3
Let r(f) = -f - 4. Let b be -8 - (-3 + 2/2). Let h be r(b). Suppose 45 = 3*i + h*i. Calculate the greatest common divisor of i and 45.
9
Let g(w) = -w + 72. Let u = 4 + -4. Let b be g(u). Suppose -6 = -q + 12. What is the greatest common factor of b and q?
18
Let s = 13 - 6. Let c be 2/(-2) - s/(-1). What is the highest common divisor of 18 and c?
6
Let v = -2 + 4. Let j(a) = -3*a + 0*a - 4*a**3 + 9*a**3 + 3*a**2 - a**2. Let f be j(v). Calculate the highest common divisor of f and 28.
14
Suppose -3*i = -4*i + 6. Let w = -45 + 63. What is the greatest common factor of i and w?
6
Suppose -2*p = 3*k - 4*p - 426, -k - 2*p + 150 = 0. Calculate the greatest common factor of k and 16.
16
Suppose -4*i - 4*f = -32, i = 2*i - f - 4. Suppose -d - 510 = -i*d. Let r = -57 + d. Calculate the highest common divisor of 5 and r.
5
Suppose -4*c + 30 = -0*n + 2*n, -5 = 5*c. Let g be -1 - (0 - -2) - -139. Calculate the highest common factor of n and g.
17
Let b be (-20)/(2 + -4 - -1). Suppose 2*w + 4*u - 8 = 12, -3*w - 5*u = -29. Calculate the highest common factor of b and w.
4
Suppose -q = -0*q - 27. Suppose -2*d = 2*d - 36. What is the greatest common factor of d and q?
9
Let i(v) = -v**3 - 12*v**2 + 6. Let c be i(-12). Calculate the greatest common divisor of 30 and c.
6
Let s(h) = -h**3 - 3*h**2 - 6*h. Let t be s(-3). Calculate the highest common divisor of t and 6.
6
Let q be 214/3 - 4/(-6). Let z = 19 + q. Calculate the highest common divisor of z and 13.
13
Let z(l) = 4*l**2 - 2*l - 1. Let y be z(-1). Suppose -3*u = y - 41. What is the greatest common factor of 12 and u?
12
Suppose -4*i + 24 = -i. Calculate the greatest common divisor of 4 and i.
4
Let c(g) = -21*g + 1. Let j(r) = r**3 + 11*r**2 + 11*r + 7. Let w be j(-10). Let u = -7 - w. Let o be c(u). Calculate the highest common factor of 17 and o.
17
Let o(a) = 2*a**3 - a**2 + 3*a - 2. Let b be o(3). What is the greatest common factor of b and 26?
26
Suppose -a = -5*o - 49, 4*a - 84 = o + 17. Suppose 0 = 3*u - 30 - 78. Calculate the highest common divisor of a and u.
12
Suppose -3*o - 2*b + 34 = 0, 4*o - 4*b - 20 = -o. What is the highest common divisor of o and 24?
8
Let o be (0 - 22/4)*(-2)/1. Let f = 2 + 1. Suppose 0*i = 4*i + 5*k - 376, 111 = i - f*k. Calculate the highest common divisor of i and o.
11
Let q(b) = -b - 7 - 3 + 2. Let c be q(-12). Let t = -2 + c. Calculate the greatest common factor of t and 12.
2
Suppose -3*b = -143 + 23. Calculate the greatest common factor of b and 10.
10
Let o(g) = -11*g - 1. Let t be o(-3). Let c = 133 - 53. Calculate the highes